+ 23. Let u(t) = t + 86. Let r be u(21). Let n = -111 + r. What is the tens digit of g(n)?
5
What is the tens digit of 27154 - (-6)/2*(7 + (-7 - 1))?
5
Suppose -41 = -2*s + 333. Suppose -5*k + 2473 + s = 0. What is the hundreds digit of k?
5
Suppose 40*p = 36*p + 1148. Suppose 0*s = -5*s - 4*x - 291, 0 = -5*s - 3*x - p. Let v = 69 + s. What is the tens digit of v?
1
Let f = -4450 + 8068. Suppose -11*n + 2388 = -f. What is the hundreds digit of n?
5
Suppose 0 = 4*q + 3*p + 2341, -8*q - 1168 = -6*q + 4*p. Let m = 1007 + q. Suppose 8*y - 875 = m. What is the tens digit of y?
6
Let z(s) = s - 4. Let h(r) = 25*r - 154. Let f(m) = -h(m) - 5*z(m). What is the hundreds digit of f(-11)?
5
Let o be (-1 - 1)*57*(-940)/(-24). What is the tens digit of (-24)/(-168) - o/7?
3
Suppose 0 = -95*n + 94*n + 2. Suppose -b = 3, n*b - 1827 = -3*o - 0*o. What is the hundreds digit of o?
6
Let a(d) = d**3 + 6*d**2 - 15*d + 4. Let x be a(-8). Let z be -194*(-1 + 0) - x. Let o = z + -68. What is the units digit of o?
0
What is the units digit of 8/3 + -3 - 329636/(-69)?
7
Let z(a) = 13*a**3 + 3*a**2 - 6*a + 2. Let p(q) = -2*q - 8. Let f(j) = -4*j + 11. Let b be f(4). Let d be p(b). What is the hundreds digit of z(d)?
1
Let w = -30976 - -52717. What is the hundreds digit of w?
7
Let q(z) be the third derivative of 5*z**4/24 + 23*z**3/6 + 15*z**2. Let u be q(-17). Let p = -20 - u. What is the tens digit of p?
4
Suppose 3*s - 6 = 0, 0 = -12*u + 15*u - 3*s - 39894. What is the thousands digit of u?
3
Suppose 574 - 2743 = 9*p. Let m = 98 - p. Suppose m = 2*u + u. What is the units digit of u?
3
What is the ten thousands digit of 756372/32 - 12/64*-2?
2
Suppose -21932 + 762 = 10*k. Let b = k + 3148. What is the thousands digit of b?
1
Suppose 42*u - 53634 = 15*u + 21*u. What is the tens digit of u?
3
Let x = 4860 + -2223. Suppose 0 = 12*r - x - 1395. What is the hundreds digit of r?
3
Let s = -70 - -65. Let f be ((-25)/(-15))/(s/(-18)). Suppose 2*p + 4*k - 24 = 0, p - 2*k = 2*k - f. What is the units digit of p?
6
Suppose 7565 = 5*y + 54*r - 47*r, 5*y = 5*r + 7505. What is the tens digit of y?
0
Let j be 6 + 1 - (0 + -2). Suppose v + j = -2*v. What is the tens digit of (-116)/(-8 - -3 - v)?
5
Let m = 3957 + -3867. What is the units digit of m?
0
Let r be 11 + (-2 - 1) + 2 + -8. What is the hundreds digit of 363793/246 + r/12?
4
Let n(f) = 5*f**2 + 56*f - 323. What is the hundreds digit of n(53)?
6
Suppose 183*c = 224*c - 48667. What is the hundreds digit of c?
1
Suppose 20022 = 18*p + 1644. What is the hundreds digit of p?
0
Let t = 137 - 135. What is the tens digit of (7 - (-1165)/(-25))/(t/(-20))?
9
Let f = -27 + 12. Let s be 0 - -2 - (-1530)/f. Let r = 183 + s. What is the units digit of r?
3
Let y be (-1)/(-2)*-1*146. Let p = 625 - y. What is the units digit of p?
8
Let j(s) = -761*s + 21. Let v be j(3). What is the units digit of ((-152)/(-6))/((-116)/v)?
4
Suppose 18 = -17*i + 26*i. Let y(c) = 9*c**2 + 4*c + 5. What is the tens digit of y(i)?
4
Let i(z) = -13*z - 35. Let v be i(-16). Let x = 47 + v. What is the tens digit of x?
2
Suppose 3*a + 19778 = 3*o - 10522, o - 4*a - 10094 = 0. What is the thousands digit of o?
0
Suppose -c = -4*y - 55, 5*y - 6*y = c - 30. Let f be (-2 + -1)*c/3. What is the tens digit of (f/(-28))/((-2)/(-152))?
9
Let q be (2 - 220/25)/((-4)/20). What is the units digit of (-1962)/(-54)*(0 + q + -1)?
9
Let v = 25 - 22. Let h be (-16)/(1 - v/1). What is the tens digit of 630/h + 7/28?
7
Let s(i) = 10*i**2 - 1246*i - 174. What is the ten thousands digit of s(162)?
6
Let u(z) = -3584*z**3 - 3*z**2 + 20*z + 48. What is the ten thousands digit of u(-2)?
2
Suppose 17782 = 32*w - 15*w. What is the tens digit of ((-15)/(-6) - 2)*w?
2
Suppose 7300280 = 134*i + 68*i. What is the thousands digit of i?
6
Suppose -5*k = -0*t + 4*t - 20, 0 = -2*k + 3*t + 8. Suppose -344 = -4*z + g, -k*z = 4*g - 3*g - 352. Let r = z + 130. What is the units digit of r?
7
Let h = 6977 - -15021. What is the tens digit of h?
9
Let h(q) = q**3 - 6*q**2 + 3*q + 10. Let s be h(5). Suppose s = d - 5*d + 4*k + 64, k - 4 = 0. Suppose -348 = -d*j + 18*j. What is the hundreds digit of j?
1
Suppose 7*p - 42733 = 5385. Suppose -22*l + p = -8*l. What is the tens digit of l?
9
Let u = 5676 + -3541. What is the units digit of u?
5
Suppose -88*m + 296563 = -161301. What is the thousands digit of m?
5
Suppose 0 = -5*p - 3*j - 67 - 112, 0 = 4*p + 5*j + 151. Let b be p*(435/(-10))/(-3). Let o = -308 - b. What is the hundreds digit of o?
1
Suppose 1092 = 2*y - 2*w, 1211 = 4*y + 2*w - 967. What is the tens digit of (46 - 43)*y/3?
4
What is the hundreds digit of (-2)/((-76)/1843)*4?
1
Let q be (-3)/27 + 2159/153. What is the hundreds digit of ((-28942)/(-203))/(2/q)?
9
Let p = 4260 - -32302. What is the hundreds digit of p?
5
Let s = 3717 - -11201. What is the units digit of s?
8
Let g(i) = 3*i + 13. Let b be g(-3). Let z(t) = -5 - 4*t - 4*t + 27*t**2 + b + 6*t. What is the tens digit of z(-1)?
2
Let b(c) = 4*c**3 + 8*c**2 + 14*c + 1. Let s be b(-4). Let h = s + 727. What is the tens digit of h?
4
Let r = 2328 + -1267. What is the tens digit of r?
6
Let d(a) = -33*a**3 - 4*a**2 + 162*a + 1152. What is the thousands digit of d(-8)?
6
Suppose 34*n + 24 = 30*n. Let o be n/(-5 + 2)*(0 - -1). Suppose -d + o + 1 = 0, m + d = 131. What is the hundreds digit of m?
1
What is the thousands digit of (-488532)/(-154) - (-108)/63?
3
Suppose 3*j - 69 = -k, 26 + 25 = 2*j - k. Let x = j - 22. Suppose 2*g + 2*u - 82 = -0*g, 4*u + 76 = x*g. What is the tens digit of g?
4
Let a be 3489/6 + 2 + 2/(-4). Suppose -a*l = -581*l - 894. What is the hundreds digit of l?
4
Let w(x) = x**2 - 21*x - 79. Let r be w(24). What is the tens digit of r*((-1)/(-3))/((-147)/1638)?
2
Suppose 3*s + s - 12 = 0, 3*f = -3*s + 1923. What is the hundreds digit of f?
6
Let a(y) = -2*y**3 + 15*y**2 + 7*y + 36. Let q(u) = 3*u**3 - 27*u**2 - 14*u - 71. Let i(z) = 5*a(z) + 3*q(z). What is the hundreds digit of i(-10)?
4
Suppose i - 52 = -49. Suppose i*q - 90 + 18 = 0. What is the tens digit of q?
2
Let r be (-21909)/15 - -1 - 12/30. What is the hundreds digit of 1/(((5/r)/1)/(-2))?
5
Let f = 15 + -8. Suppose f*y - 6 = 4*y. Suppose -y*g = -4*t - 185 - 77, 4*t = 3*g - 393. What is the units digit of g?
1
Let d(x) = -11*x - 31. Let l = 52 + -57. Let p be d(l). Suppose k = 3*k - 3*j - p, -2*k + 26 = -4*j. What is the units digit of k?
9
Let x(d) = -99*d**3 + 5*d - 3. Let a(c) = 100*c**3 - c**2 - 6*c + 4. Let r be (-15)/20*(4 - 0). Let o(g) = r*x(g) - 2*a(g). What is the units digit of o(1)?
7
Let h(w) = -2*w - 2*w + 121 - 2*w + 10*w. Suppose -4*n = -5*f - 12, -f = -2*n + 4*n - 6. What is the units digit of h(f)?
1
Let c be (-3)/(-2)*(4 - (-4)/(-3)). Suppose -3 = -v, -c*y - v + 189 = 2*v. What is the tens digit of y - (64/(-24) - (-1)/(-3))?
4
Suppose -18*s - 27 = -27. What is the units digit of (-3 - 15)*((-580)/6 + s)?
0
Suppose 7 = -p + z + 4, 4*z = -2*p + 18. Let b(o) = -95*o + 19. Let s(q) = 95*q - 27. Let m(h) = -3*b(h) - 2*s(h). What is the tens digit of m(p)?
9
Suppose 3*i - n - 262 = -2*n, 4*n = -8. Let l(y) = -79 + y + 2*y + i. What is the tens digit of l(11)?
4
Suppose -24*k + 19*k = -1945. Suppose -14508 = k*z - 402*z. What is the thousands digit of z?
1
Let g be 355/10*8/(-3)*-3. Suppose 84 = 10*r + g. What is the hundreds digit of (-50 - -4)*r/8?
1
Let h = 22326 + -15814. What is the hundreds digit of h?
5
Let n be (3/1)/(-8*7/(-112)). Suppose 6*u = -n*u + 4020. What is the hundreds digit of u?
3
Suppose -28*l + 25*l = -12. Let r be (339 - -2) + (l - 0/(-2)). Suppose -r = -5*u + 2*u. What is the units digit of u?
5
Let d(l) = 1152*l**2 - 46*l - 168. What is the ten thousands digit of d(-4)?
1
Suppose -3*t - 4*r = -0*r - 628, 600 = 3*t - 3*r. Let d = -539 + 420. Let i = d + t. What is the tens digit of i?
8
Suppose 3*r = -2*t + 42, 80 = 3*t + 2*t - 5*r. Let n be ((-422)/(-18) - -1)/(10/45). Suppose -2*y - t = -n. What is the units digit of y?
6
Suppose 0 = 38*n - 42*n + 968. Let h = n + -117. What is the tens digit of h?
2
Suppose -2*q - 3889 - 493 = 0. Let n = q + 3446. What is the units digit of n?
5
What is the ten thousands digit of (256/48)/(-16)*-54996?
1
Let r = 994 + 122. What is the tens digit of r?
1
Let s(d) = -36*d**3 + 38*